{"id":12246,"date":"2025-11-05T20:03:12","date_gmt":"2025-11-05T19:03:12","guid":{"rendered":"https:\/\/www.foodmagazine.ma\/?page_id=12246"},"modified":"2025-11-05T20:03:14","modified_gmt":"2025-11-05T19:03:14","slug":"abonnement","status":"publish","type":"page","link":"https:\/\/www.foodmagazine.ma\/?page_id=12246","title":{"rendered":"Abonnement"},"content":{"rendered":"<div class=\"frm_forms  with_frm_style frm_style_style-formidable\" id=\"frm_form_5_container\" data-token=\"4ad3bcd6d4726bd03f40232bc0e9e2c9\">\n<form enctype=\"multipart\/form-data\" method=\"post\" class=\"frm-show-form \" id=\"form_cqqm\" data-token=\"4ad3bcd6d4726bd03f40232bc0e9e2c9\">\n<div class=\"frm_form_fields \">\n<fieldset>\n<legend class=\"frm_screen_reader\">Formulaire d&#8217;abonnement<\/legend>\r\n\r\n<div class=\"frm_fields_container\">\n<input type=\"hidden\" name=\"frm_action\" value=\"create\" \/>\n<input type=\"hidden\" name=\"form_id\" value=\"5\" \/>\n<input type=\"hidden\" name=\"frm_hide_fields_5\" id=\"frm_hide_fields_5\" value=\"\" \/>\n<input type=\"hidden\" name=\"form_key\" value=\"cqqm\" \/>\n<input type=\"hidden\" name=\"item_meta[0]\" value=\"\" \/>\n<input type=\"hidden\" id=\"frm_submit_entry_5\" name=\"frm_submit_entry_5\" value=\"deef04097a\" \/><input type=\"hidden\" name=\"_wp_http_referer\" value=\"\/index.php?rest_route=%2Fwp%2Fv2%2Fpages%2F12246\" \/><div id=\"frm_field_33_container\" class=\"frm_form_field form-field  frm_top_container vertical_radio\">\r\n\t<div  id=\"field_2wy3b_label\" class=\"frm_primary_label\">\r\n\t\t<span class=\"frm_required\" aria-hidden=\"true\"><\/span>\r\n\t<\/div>\r\n\t<div class=\"frm_opt_container\" aria-labelledby=\"field_2wy3b_label\" role=\"group\">\t\t<div class=\"frm_checkbox\" id=\"frm_checkbox_33-0\">\t\t\t<label  for=\"field_2wy3b-0\">\n\t\t\t<input type=\"checkbox\" name=\"item_meta[33][]\" id=\"field_2wy3b-0\" value=\"Oui, je souhaite m\u2019abonner \u00e0 FOOD Magazine :\"  data-invmsg=\"Ce champ est non valide\" aria-invalid=\"false\"   \/> Oui, je souhaite m\u2019abonner \u00e0 FOOD Magazine :<\/label><\/div>\n<\/div>\r\n\t\r\n\t\r\n<\/div>\n<div id=\"frm_field_28_container\" class=\"frm_form_field form-field  frm_required_field frm_top_container\">\r\n\t<div  id=\"field_hlisr_label\" class=\"frm_primary_label\">Nom\r\n\t\t<span class=\"frm_required\" aria-hidden=\"true\">*<\/span>\r\n\t<\/div>\r\n\t<fieldset aria-labelledby=\"field_hlisr_label\">\n\t<legend class=\"frm_screen_reader frm_hidden\">\n\t\tNom\t<\/legend>\n\n\t<div  class=\"frm_combo_inputs_container\" id=\"frm_combo_inputs_container_28\" data-name-layout=\"first_last\">\n\t\t\t\t\t<div\n\t\t\t\tid=\"frm_field_28-first_container\"\n\t\t\t\tclass=\"frm_form_field form-field frm_form_subfield-first  frm6\"\n\t\t\t\tdata-sub-field-name=\"first\"\n\t\t\t>\n\t\t\t\t<label for=\"field_hlisr_first\" class=\"frm_screen_reader frm_hidden\">\n\t\t\t\t\tPr\u00e9nom\t\t\t\t<\/label>\n\n\t\t\t\t\t\t\t\t\t\t<input\n\t\t\t\t\t\t\ttype=\"text\"\n\t\t\t\t\t\t\tid=\"field_hlisr_first\"\n\t\t\t\t\t\t\tvalue=\"\"\n\t\t\t\t\t\t\tname=\"item_meta[28][first]\"  data-reqmsg=\"Ce champ ne peut pas \u00eatre vide\" aria-required=\"true\" data-invmsg=\"Nom est non valide\" aria-invalid=\"false\"  \t\t\t\t\t\t\/>\n\t\t\t\t\t\t<div class=\"frm_description\" id=\"frm_field_28_first_desc\">Pr\u00e9nom<\/div>\t\t\t<\/div>\n\t\t\t\t\t\t<div\n\t\t\t\tid=\"frm_field_28-last_container\"\n\t\t\t\tclass=\"frm_form_field form-field frm_form_subfield-last  frm6\"\n\t\t\t\tdata-sub-field-name=\"last\"\n\t\t\t>\n\t\t\t\t<label for=\"field_hlisr_last\" class=\"frm_screen_reader frm_hidden\">\n\t\t\t\t\tNom\t\t\t\t<\/label>\n\n\t\t\t\t\t\t\t\t\t\t<input\n\t\t\t\t\t\t\ttype=\"text\"\n\t\t\t\t\t\t\tid=\"field_hlisr_last\"\n\t\t\t\t\t\t\tvalue=\"\"\n\t\t\t\t\t\t\tname=\"item_meta[28][last]\"  data-reqmsg=\"Ce champ ne peut pas \u00eatre vide\" aria-required=\"true\" data-invmsg=\"Nom est non valide\" aria-invalid=\"false\"  \t\t\t\t\t\t\/>\n\t\t\t\t\t\t<div class=\"frm_description\" id=\"frm_field_28_last_desc\">Nom<\/div>\t\t\t<\/div>\n\t\t\t\t<\/div>\n<\/fieldset>\n\r\n\t\r\n\t\r\n<\/div>\n<div id=\"frm_field_29_container\" class=\"frm_form_field form-field  frm_required_field frm_top_container frm6 frm_first\">\r\n\t<label for=\"field_jqrse\" id=\"field_jqrse_label\" class=\"frm_primary_label\">T\u00e9l\u00e9phone\r\n\t\t<span class=\"frm_required\" aria-hidden=\"true\">*<\/span>\r\n\t<\/label>\r\n\t<input type=\"tel\" id=\"field_jqrse\" name=\"item_meta[29]\" value=\"\"  data-reqmsg=\"Ce champ ne peut pas \u00eatre vide\" aria-required=\"true\" data-invmsg=\"T\u00e9l\u00e9phone est non valide\" aria-invalid=\"false\" pattern=\"((\\+\\d{1,3}(-|.| )?\\(?\\d\\)?(-| |.)?\\d{1,5})|(\\(?\\d{2,6}\\)?))(-|.| )?(\\d{3,4})(-|.| )?(\\d{4})(( x| ext)\\d{1,5}){0,1}$\"  \/>\r\n\t\r\n\t\r\n<\/div>\n<div id=\"frm_field_30_container\" class=\"frm_form_field form-field  frm_required_field frm_top_container frm6\">\r\n\t<label for=\"field_v8zc2\" id=\"field_v8zc2_label\" class=\"frm_primary_label\">E-mail\r\n\t\t<span class=\"frm_required\" aria-hidden=\"true\">*<\/span>\r\n\t<\/label>\r\n\t<input type=\"email\" id=\"field_v8zc2\" name=\"item_meta[30]\" value=\"\"  data-reqmsg=\"Ce champ ne peut pas \u00eatre vide\" aria-required=\"true\" data-invmsg=\"E-mail est non valide\" aria-invalid=\"false\"  \/>\r\n\t\r\n\t\r\n<\/div>\n<div id=\"frm_field_32_container\" class=\"frm_form_field form-field  frm_top_container vertical_radio\">\r\n\t<div  id=\"field_z7hw7_label\" class=\"frm_primary_label\">100% num\u00e9rique : Votre num\u00e9ro en Pdf par mail\r\n\t\t<span class=\"frm_required\" aria-hidden=\"true\"><\/span>\r\n\t<\/div>\r\n\t<div class=\"frm_opt_container\" aria-labelledby=\"field_z7hw7_label\" role=\"radiogroup\">\t\t<div class=\"frm_radio\" id=\"frm_radio_32-0\">\t\t\t<label  for=\"field_z7hw7-0\">\n\t\t\t\t\t<input type=\"radio\" name=\"item_meta[32]\" id=\"field_z7hw7-0\" value=\"MAROC - 11 num\u00e9ros au prix de 900 DH\"\n\t\t   data-invmsg=\"100% num\u00e9rique : Votre num\u00e9ro en Pdf par mail est non valide\" aria-invalid=\"false\"  \/> MAROC &#8211; 11 num\u00e9ros au prix de 900 DH<\/label><\/div>\n\t\t<div class=\"frm_radio\" id=\"frm_radio_32-1\">\t\t\t<label  for=\"field_z7hw7-1\">\n\t\t\t\t\t<input type=\"radio\" name=\"item_meta[32]\" id=\"field_z7hw7-1\" value=\"ETRANGER - 11 num\u00e9ros au prix de 95 \u20ac\"\n\t\t   data-invmsg=\"100% num\u00e9rique : Votre num\u00e9ro en Pdf par mail est non valide\" aria-invalid=\"false\"  \/> ETRANGER &#8211; 11 num\u00e9ros au prix de 95 \u20ac<\/label><\/div>\n<\/div>\r\n\t\r\n\t\r\n<\/div>\n<div id=\"frm_field_34_container\" class=\"frm_form_field form-field  frm_top_container vertical_radio\">\r\n\t<div  id=\"field_xwq1f_label\" class=\"frm_primary_label\">100% papier : Votre num\u00e9ro chez vous par poste\r\n\t\t<span class=\"frm_required\" aria-hidden=\"true\"><\/span>\r\n\t<\/div>\r\n\t<div class=\"frm_opt_container\" aria-labelledby=\"field_xwq1f_label\" role=\"radiogroup\">\t\t<div class=\"frm_radio\" id=\"frm_radio_34-0\">\t\t\t<label  for=\"field_xwq1f-0\">\n\t\t\t\t\t<input type=\"radio\" name=\"item_meta[34]\" id=\"field_xwq1f-0\" value=\"MAROC - 11 num\u00e9ros au prix de 1 300 DH\"\n\t\t   data-invmsg=\"100% papier : Votre num\u00e9ro chez vous par poste est non valide\" aria-invalid=\"false\"  \/> MAROC &#8211; 11 num\u00e9ros au prix de 1 300 DH<\/label><\/div>\n\t\t<div class=\"frm_radio\" id=\"frm_radio_34-1\">\t\t\t<label  for=\"field_xwq1f-1\">\n\t\t\t\t\t<input type=\"radio\" name=\"item_meta[34]\" id=\"field_xwq1f-1\" value=\"ETRANGER - 11 num\u00e9ros au prix de 135 \u20ac\"\n\t\t   data-invmsg=\"100% papier : Votre num\u00e9ro chez vous par poste est non valide\" aria-invalid=\"false\"  \/> ETRANGER &#8211; 11 num\u00e9ros au prix de 135 \u20ac<\/label><\/div>\n<\/div>\r\n\t\r\n\t\r\n<\/div>\n<div id=\"frm_field_35_container\" class=\"frm_form_field form-field  frm_top_container vertical_radio\">\r\n\t<div  id=\"field_mbiy2_label\" class=\"frm_primary_label\">Num\u00e9rique + Papier : Num\u00e9ro Pdf par mail et par poste\r\n\t\t<span class=\"frm_required\" aria-hidden=\"true\"><\/span>\r\n\t<\/div>\r\n\t<div class=\"frm_opt_container\" aria-labelledby=\"field_mbiy2_label\" role=\"radiogroup\">\t\t<div class=\"frm_radio\" id=\"frm_radio_35-0\">\t\t\t<label  for=\"field_mbiy2-0\">\n\t\t\t\t\t<input type=\"radio\" name=\"item_meta[35]\" id=\"field_mbiy2-0\" value=\"MAROC - 11 num\u00e9ros au prix de 2 000 DH\"\n\t\t   data-invmsg=\"Num\u00e9rique + Papier : Num\u00e9ro Pdf par mail et par poste est non valide\" aria-invalid=\"false\"  \/> MAROC &#8211; 11 num\u00e9ros au prix de 2 000 DH<\/label><\/div>\n\t\t<div class=\"frm_radio\" id=\"frm_radio_35-1\">\t\t\t<label  for=\"field_mbiy2-1\">\n\t\t\t\t\t<input type=\"radio\" name=\"item_meta[35]\" id=\"field_mbiy2-1\" value=\"ETRANGER - 11 num\u00e9ros au prix de 210 \u20ac\"\n\t\t   data-invmsg=\"Num\u00e9rique + Papier : Num\u00e9ro Pdf par mail et par poste est non valide\" aria-invalid=\"false\"  \/> ETRANGER &#8211; 11 num\u00e9ros au prix de 210 \u20ac<\/label><\/div>\n<\/div>\r\n\t\r\n\t\r\n<\/div>\n<div id=\"frm_field_36_container\" class=\"frm_form_field form-field  frm_top_container vertical_radio\">\r\n\t<div  id=\"field_zzer7_label\" class=\"frm_primary_label\">Vente au num\u00e9ro\r\n\t\t<span class=\"frm_required\" aria-hidden=\"true\"><\/span>\r\n\t<\/div>\r\n\t<div class=\"frm_opt_container\" aria-labelledby=\"field_zzer7_label\" role=\"radiogroup\">\t\t<div class=\"frm_radio\" id=\"frm_radio_36-0\">\t\t\t<label  for=\"field_zzer7-0\">\n\t\t\t\t\t<input type=\"radio\" name=\"item_meta[36]\" id=\"field_zzer7-0\" value=\"PDF par mail : 100 DH - 10 \u20ac\"\n\t\t   data-invmsg=\"Vente au num\u00e9ro est non valide\" aria-invalid=\"false\"  \/> PDF par mail : 100 DH &#8211; 10 \u20ac<\/label><\/div>\n\t\t<div class=\"frm_radio\" id=\"frm_radio_36-1\">\t\t\t<label  for=\"field_zzer7-1\">\n\t\t\t\t\t<input type=\"radio\" name=\"item_meta[36]\" id=\"field_zzer7-1\" value=\"Papier par poste : 150 DH - 15 \u20ac\"\n\t\t   data-invmsg=\"Vente au num\u00e9ro est non valide\" aria-invalid=\"false\"  \/> Papier par poste : 150 DH &#8211; 15 \u20ac<\/label><\/div>\n<\/div>\r\n\t\r\n\t\r\n<\/div>\n<div id=\"frm_field_27_container\" class=\"frm_form_field form-field \">\r\n\t\t\t<div id=\"cf-turnstile-fmdble-3468127937\"\r\n\t\tclass=\"cf-turnstile\" \t\tdata-sitekey=\"0x4AAAAAABY9VShvKHY27w6b\"\r\n\t\tdata-theme=\"light\"\r\n\t\tdata-language=\"auto\"\r\n\t\tdata-size=\"normal\"\r\n\t\tdata-retry=\"auto\" data-retry-interval=\"1000\"\r\n\t\tdata-action=\"formidable-form-5\"\r\n\t\t\t\tdata-appearance=\"always\"><\/div>\r\n\t\t\t<script>document.addEventListener(\"DOMContentLoaded\", function() { setTimeout(function(){ var e=document.getElementById(\"cf-turnstile-fmdble-3468127937\"); e&&!e.innerHTML.trim()&&(turnstile.remove(\"#cf-turnstile-fmdble-3468127937\"), turnstile.render(\"#cf-turnstile-fmdble-3468127937\", {sitekey:\"0x4AAAAAABY9VShvKHY27w6b\"})); }, 0); });<\/script>\r\n\t\t\t<br class=\"cf-turnstile-br cf-turnstile-br-fmdble-3468127937\">\r\n\t\t\t\t<style>#cf-turnstile-fmdble-3468127937 { margin-left: -15px; }<\/style>\r\n\t\t<div class=\"frm_submit frm_flex\">\r\n<button class=\"frm_button_submit\" type=\"submit\"  >Envoyer<\/button>\r\n\r\n\r\n\r\n<\/div>\r\n<\/div>\n\t<input type=\"hidden\" name=\"item_key\" value=\"\" \/>\n\t\t\t\t<div class=\"frm__654a69a2254bb\">\n\t\t\t\t<label for=\"frm_email_5\" >\n\t\t\t\t\tSi vous \u00eates un humain, ne remplissez pas ce champ.\t\t\t\t<\/label>\n\t\t\t\t<input  id=\"frm_email_5\" type=\"text\" class=\"frm_verify\" name=\"frm__654a69a2254bb\" value=\"\" autocomplete=\"off\"  \/>\n\t\t\t<\/div>\n\t\t<\/div>\n<\/fieldset>\n<\/div>\n\n<p style=\"display: none !important;\" class=\"akismet-fields-container\" data-prefix=\"ak_\"><label>&#916;<textarea name=\"ak_hp_textarea\" cols=\"45\" rows=\"8\" maxlength=\"100\"><\/textarea><\/label><input type=\"hidden\" id=\"ak_js_1\" name=\"ak_js\" value=\"138\"\/><script>document.getElementById( \"ak_js_1\" ).setAttribute( \"value\", ( new Date() ).getTime() );<\/script><\/p><\/form>\n<\/div>\n","protected":false},"excerpt":{"rendered":"<p>Formulaire d&#8217;abonnement Oui, je souhaite m\u2019abonner \u00e0 FOOD Magazine : Nom * Nom Pr\u00e9nom Pr\u00e9nom Nom Nom T\u00e9l\u00e9phone * E-mail * 100% num\u00e9rique : Votre num\u00e9ro en Pdf par mail MAROC &#8211; 11 num\u00e9ros au prix de 900 DH ETRANGER &#8211; 11 num\u00e9ros au prix de 95 \u20ac 100% papier : Votre num\u00e9ro chez vous &hellip;<\/p>\n","protected":false},"author":1,"featured_media":0,"parent":0,"menu_order":0,"comment_status":"closed","ping_status":"closed","template":"","meta":{"footnotes":""},"class_list":["post-12246","page","type-page","status-publish",""],"aioseo_notices":[],"_links":{"self":[{"href":"https:\/\/www.foodmagazine.ma\/index.php?rest_route=\/wp\/v2\/pages\/12246","targetHints":{"allow":["GET"]}}],"collection":[{"href":"https:\/\/www.foodmagazine.ma\/index.php?rest_route=\/wp\/v2\/pages"}],"about":[{"href":"https:\/\/www.foodmagazine.ma\/index.php?rest_route=\/wp\/v2\/types\/page"}],"author":[{"embeddable":true,"href":"https:\/\/www.foodmagazine.ma\/index.php?rest_route=\/wp\/v2\/users\/1"}],"replies":[{"embeddable":true,"href":"https:\/\/www.foodmagazine.ma\/index.php?rest_route=%2Fwp%2Fv2%2Fcomments&post=12246"}],"version-history":[{"count":1,"href":"https:\/\/www.foodmagazine.ma\/index.php?rest_route=\/wp\/v2\/pages\/12246\/revisions"}],"predecessor-version":[{"id":12247,"href":"https:\/\/www.foodmagazine.ma\/index.php?rest_route=\/wp\/v2\/pages\/12246\/revisions\/12247"}],"wp:attachment":[{"href":"https:\/\/www.foodmagazine.ma\/index.php?rest_route=%2Fwp%2Fv2%2Fmedia&parent=12246"}],"curies":[{"name":"wp","href":"https:\/\/api.w.org\/{rel}","templated":true}]}}